n divisor of b and o?
7
Suppose 5*z + 121*h - 52 = 118*h, 5*z = 4*h + 59. Let m(q) = 55 - 3*q - 2*q**2 + q**2 + 2*q. Let x be m(0). What is the greatest common factor of z and x?
11
Let t(z) = -179*z + 46. Let i be t(-1). Calculate the highest common factor of 1665 and i.
45
Let n(u) = 3370*u**2 + 119*u + 117. Let a be n(-1). Calculate the greatest common divisor of 8 and a.
8
Let h = -34 - -42. Suppose -12*b + h*b = 4060. Let o be (-1)/2 - (-4 - b/(-10)). What is the greatest common factor of 15 and o?
15
Suppose -z - 13 + 16 = 0. Suppose 0 = 4*q - 93 - z. Suppose 0 = 4*i - q - 52. Calculate the highest common factor of 57 and i.
19
Let z be (-220)/20 + 95 + 32. Suppose -3*b + 73 + 101 = 0. Calculate the greatest common factor of z and b.
58
Let v be (-342 + 346)*58/4. Calculate the greatest common factor of v and 58.
58
Let n be (-3 - 15/(-6))/((-1)/304). Let a(q) = -2*q + 0 - 7*q + 6*q**2 + 3 + 5*q. Let z be a(2). Calculate the highest common divisor of n and z.
19
Suppose 0 = 123*x - 163*x + 28520. What is the greatest common divisor of x and 23?
23
Let s(v) = -9*v - 47. Let t be s(-8). Suppose -1 = 4*b - 121. Let c = b - 5. What is the greatest common factor of t and c?
25
Suppose 2*k = -s - 404, 3*k + 12*s + 599 = 14*s. Let m = k - -240. What is the greatest common factor of 429 and m?
39
Let m be (-762)/((-6)/16*2). Let l = -680 + m. Calculate the highest common factor of 42 and l.
42
Let p = 1309 - 1972. Let j be (-1 - 19/(-3))/((-34)/p). Let i(y) = -y - 2. Let t be i(-15). Calculate the highest common divisor of t and j.
13
Let s(l) = l**2 + l + 91. Let g be s(8). Suppose -g + 103 = -2*x. What is the highest common divisor of x and 108?
6
Let u(q) = q**3 + 10*q**2 - 3*q - 2. Let d be (18/4)/3*820/(-123). Let a be u(d). What is the highest common factor of a and 8?
4
Let m be 5 + (545/5 - -5). Let f = -9 + m. What is the highest common divisor of 22 and f?
22
Let g = 36 + -28. Let o = 322 + -258. Calculate the highest common factor of g and o.
8
Let h be 3 + (-784)/2 + (-6)/(-3). Let o = -315 - h. What is the greatest common divisor of 16 and o?
8
Suppose 123*c - 56*c + 13*c - 20160 = 0. What is the highest common divisor of c and 658?
14
Suppose 20*k - 53*k + 60169 + 91235 = 0. Calculate the greatest common divisor of 248 and k.
124
Suppose 0 = v - 2 + 6. Let z be 18/v*(5/15 - -1). Let m be (-2)/(-1*z/(-231)). Calculate the greatest common divisor of 11 and m.
11
Let n(p) = -12 - 7*p + 4*p - 14*p - 12*p**3 - 2*p - 11*p**2 + 10*p**3. Let z be n(-5). Calculate the highest common divisor of z and 986.
58
Let z be 2/9 + ((-52)/(-9))/1. Let i be ((-40)/(-45)*z)/(4/6). Suppose 3*r = -2*b + 13, i*b = -3*r + 11*b - 12. Calculate the greatest common factor of 6 and r.
1
Suppose -1 = 2*m - 4*w + 15, -5*m + w - 4 = 0. Let s be (0 - (-74)/(-2)) + m. Let u = 72 + s. Calculate the highest common divisor of 175 and u.
35
Let i(y) = y**3 + 3*y**2 - 6*y - 5. Let z be i(-5). Let s = -6 - z. Let x be 8/(-156)*6 + 119724/572. What is the highest common factor of x and s?
19
Suppose -418*k + 6834 = -384*k. What is the greatest common factor of k and 1072?
67
Suppose d - 210 = -4*d. Suppose -69*t + 71*t - 140 = 0. Suppose t = 62*g - 57*g. Calculate the greatest common factor of g and d.
14
Let f(u) = 1308*u - 282. Let h be f(2). What is the highest common divisor of h and 12?
6
Let z = -2630 + 2645. Calculate the highest common divisor of 105 and z.
15
Suppose -57 + 1 = -n. Suppose 5*k = 439 + 266. Let b = -134 + k. What is the greatest common divisor of b and n?
7
Let r = 8519 + -8427. What is the greatest common divisor of r and 1932?
92
Let w(d) = -d**3 - 28*d**2 - 4*d + 1423. Let p be w(-26). Calculate the greatest common divisor of p and 39375.
175
Let m = 118 + -113. Suppose -699 + 189 = -m*w. What is the greatest common divisor of w and 17?
17
Let k = 3459 + -3338. What is the highest common divisor of k and 99?
11
Suppose 74*x - 36*x = 37*x + 48. Let k = 248 - 80. What is the highest common factor of x and k?
24
Let c(t) = 4*t**2 + 5*t - 3. Let s be c(-2). Suppose -18*p + 304 = -17*p + a, 0 = -s*p - 5*a + 908. Calculate the greatest common divisor of p and 36.
18
Let g be -9*((-1 - -3) + 2 + -16). Let p = 126 - g. Let r(z) = 12*z. Let s be r(12). Calculate the greatest common factor of p and s.
18
Let b be 4/(-5)*200/(-10). Let f be (b/(-3))/((-4)/18). What is the highest common divisor of f and 384?
24
Let c(o) = 2*o**2 - 4*o - 76. Let g be c(-8). Suppose g + 510 = 22*l. What is the highest common divisor of 432 and l?
27
Let m(r) = 5*r**3 - 16*r**2 + 12*r + 1. Let w be m(5). Let o = w + -268. Calculate the greatest common factor of o and 54.
18
Suppose 5*r + 35 = 2*k + 115, -43 = -2*r + 3*k. Let m = -7 - -8. Suppose 7 = 2*g - m. Calculate the greatest common factor of g and r.
2
Let n be (2*13 + 0)*((-279)/(-6) + -36). Calculate the highest common factor of n and 351.
39
Let q be 1/12 + (-2470)/(-24). Let n = 177 + q. Let u(t) = -35*t**3 - t**2 - 2*t - 1. Let y be u(-1). What is the highest common factor of y and n?
35
Let w be (-1 - -6) + (-2058)/(-25 - -11). Suppose 4*h = -4*j + w, -4*h - 2*j + 63 = -87. Calculate the highest common factor of h and 296.
37
Suppose 0 = -j + 16 + 2. Let d be 8 + (-16)/(-40)*-5. Calculate the highest common divisor of d and j.
6
Let d be 18/63 - -16*(-26)/(-14). Let g = 33 - d. Let o(u) = 2*u**2 - u - 6. Let i be o(g). Calculate the greatest common divisor of 72 and i.
9
Suppose 0 = 13*f - 18*f + 70. Suppose f*v + 3*v = 136. Calculate the greatest common divisor of v and 20.
4
Let s = -199 + 202. Let h be ((-2)/s + 0)/((-8)/168). Suppose 7*w - 3*n - 79 = 2*w, -2*w = -3*n - 37. Calculate the greatest common divisor of w and h.
14
Suppose 5*n - 4*k + 5*k = 24, 4*k = 4*n. Let c be (3 - -47)/5 + (-4)/n. What is the highest common divisor of c and 3?
3
Let m = 1593 - -814. What is the highest common divisor of 29 and m?
29
Let w = -6781 - -8144. What is the greatest common factor of w and 406?
29
Let c(q) = 35*q**2 + 28*q - 3. Let o be c(1). What is the highest common divisor of o and 45?
15
Let n be (1 - 9) + (1025 - (-14)/(-7)). Calculate the greatest common factor of n and 10.
5
Suppose -4*w = -6*w + 6. Let x(j) = -3*j**3 + 16 + 7*j**2 + 3*j + 17*j**3 - 15*j**w. Let b be x(6). Calculate the greatest common factor of 14 and b.
14
Let g be 227 - (6/1 + -4). Suppose 4*i + i + 3*r = 200, 5*i - g = 2*r. Calculate the highest common divisor of 43 and i.
43
Suppose -z = -10*z. Suppose z = 5*y - 3*p - p - 243, -2*p - 4 = 0. Suppose 0 = 5*i + y - 477. Calculate the greatest common divisor of 43 and i.
43
Let d(u) = 11*u**2 - 113*u - 22. Let z be d(11). Let y = 9 - -24. Calculate the highest common factor of z and y.
33
Let o be 0/(8/(-6)*42/28). Let h(i) = i**3 + 75. Let p be h(o). Suppose 6*m - 189 = p. Calculate the greatest common divisor of m and 88.
44
Suppose 653*y - 651*y - 119 = -5*b, 4*y + 3*b = 231. Suppose 2*a = 3*a - 38. Calculate the greatest common divisor of a and y.
19
Let t = 308 - 76. Let b = -2164 + 2193. Calculate the highest common divisor of t and b.
29
Suppose -2 = -v - 0. Let o(p) = -v*p - 29 + 29. Let w be o(-3). What is the highest common factor of 1 and w?
1
Let b(g) = 35*g**2 + 8*g - 9. Let q = 262 + -261. Let t be b(q). Calculate the greatest common divisor of 323 and t.
17
Let a be (26/(-13) + 6)*(-1569)/(-12). Calculate the highest common divisor of 1 and a.
1
Let y be 97 - (7 + -4 + -1). Let n = y + -32. Calculate the greatest common divisor of n and 18.
9
Suppose 0 = 19*t - 15*t - 8. Let y(c) = 5*c**2 + 6. Let x be y(t). Calculate the greatest common factor of x and 143.
13
Let a be (((-6)/4)/(86/172))/((-3)/8). Calculate the highest common factor of a and 2824.
8
Let a be 121 - (-6 + 2 + 1). Suppose 188*i + 403 = 201*i. Calculate the highest common divisor of i and a.
31
Suppose 113*h - 4403 = 24412. Calculate the highest common factor of h and 9.
3
Let z = 10980 - 10932. What is the greatest common factor of z and 14?
2
Let d = -35 + 23. Let v be -7*(12/(-28) - d/(-4)). Calculate the highest common factor of 12 and v.
12
Suppose -q + 2*v = -24, -106 = -5*q - 2*v + 5*v. Calculate the greatest common divisor of q and 395.
5
Let m = -844 - -1244. Let g(a) = -662*a + 18561. Let f be g(28).